 14*t**2 + 670*t - 6731. Give p(10).
-3431
Let d(w) = w**3 + 21*w**2 - 1939*w + 9053. Calculate d(5).
8
Let y(h) = -128*h**2 - 3939*h + 835. Give y(-31).
-64
Let m(k) = -434*k + 12706. What is m(28)?
554
Let v(o) = -72713*o - 727121. Determine v(-10).
9
Let s(d) = 465*d - 30356. Give s(65).
-131
Let p(z) = 1328*z**2 - 62406*z - 470. What is p(47)?
0
Let q(a) = -7801*a - 9695. Determine q(-1).
-1894
Let l(z) = -4*z**2 + 198*z + 65405. Give l(155).
-5
Let m(p) = p**3 + 5*p**2 + 523*p + 3749. Determine m(-7).
-10
Let d(o) = -6*o**3 - 339*o**2 + 47*o + 12039. Give d(-56).
-1
Let x(y) = 9*y**3 + 323*y**2 - 29*y - 10. Determine x(-36).
-262
Let i(z) = z**2 - 315*z + 14832. Give i(258).
126
Let o(n) = 3*n**3 - 91*n**2 + 138*n - 3249. What is o(30)?
-9
Let q(s) = 7*s**2 - 7*s - 1207. Give q(0).
-1207
Let d(f) = -f**3 - 90*f**2 - 2089*f - 3192. Calculate d(-47).
4
Let i(c) = -73113*c + 1462314. Determine i(20).
54
Let b(g) = -2308*g - 523909. Give b(-227).
7
Let h(s) = s**3 - 412*s**2 - 31449*s + 6541. Calculate h(-66).
7
Let c(r) = -5*r**3 - 185*r**2 - 1174*r - 84. Give c(-8).
28
Let u(z) = 3059*z**2 - 3280*z + 235. Calculate u(1).
14
Let v(c) = 564*c + 93104. Give v(-165).
44
Let f(q) = -q**2 - 4281*q - 29912. What is f(-7)?
6
Let y(n) = -6*n**2 + 18*n - 47. Calculate y(4).
-71
Let d(k) = -48*k - 2381. What is d(-48)?
-77
Let o(j) = -2*j**2 + 2201*j + 431996. Determine o(-170).
26
Let d(b) = -15883*b + 508318. Determine d(32).
62
Let v(j) = -185*j**2 + 2012*j + 93. What is v(11)?
-160
Let j(v) = 125*v**2 - 61*v - 242. Give j(-5).
3188
Let r(s) = -2*s**3 - 7*s**2 - 427*s - 1219. Calculate r(-3).
53
Let n(y) = 2*y**3 + 24*y**2 - 18*y - 392. Give n(-10).
188
Let j(a) = 3*a**2 - 236*a + 4531. Determine j(21).
898
Let k(v) = 8*v**2 - 870*v + 335. Determine k(108).
-313
Let f(z) = 24940*z - 524040. Give f(21).
-300
Let w(s) = -s**3 - 103*s**2 + 141*s - 30668. Calculate w(-107).
41
Let w(p) = -244199*p + 1465168. Determine w(6).
-26
Let h(o) = -2*o**3 + 1603*o**2 + 52476*o + 2025. Determine h(833).
-474
Let a(s) = 2970*s**3 + 267*s**2 - 265*s - 2. Calculate a(1).
2970
Let l(p) = p**3 - 91*p**2 - 35*p - 1026. What is l(92)?
4218
Let p(x) = -11582*x + 57600. Determine p(5).
-310
Let u(m) = m**3 + 7*m**2 + 310*m + 1503. What is u(-5)?
3
Let x(u) = 5919*u + 23621. Determine x(-4).
-55
Let u(i) = 2*i**3 - 504*i**2 - 763*i + 64980. What is u(253)?
-41
Let d(s) = -6*s**3 + 3*s**2 - 4626*s - 9260. What is d(-2)?
52
Let p(o) = -7*o**3 + 73*o**2 - 29*o - 25. Determine p(10).
-15
Let u(a) = 3029*a + 799246. Determine u(-264).
-410
Let r(i) = 2778*i - 252082. Give r(91).
716
Let d(s) = 1377*s - 670606. Determine d(487).
-7
Let l(a) = 3*a**2 + 334*a - 267343. Give l(248).
1
Let a(s) = -s**3 - 5*s**2 - 750*s - 2246. Give a(-3).
-14
Let s(p) = -13*p**2 + 484*p + 2345. What is s(42)?
-259
Let g(t) = -10*t**3 - 6*t**2 + 7*t - 10. Determine g(-6).
1892
Let d(m) = 3*m**2 + 179*m - 645. Give d(-63).
-15
Let m(c) = -1017*c + 5906. Determine m(2).
3872
Let y(g) = 6*g**2 + 350906*g + 1754376. Calculate y(-5).
-4
Let j(p) = -2*p**3 - 662*p**2 + 1323*p - 2821. Give j(-333).
176
Let m(p) = -p**2 - 1501*p - 310651. Calculate m(-248).
93
Let v(z) = -2*z**3 + 260*z**2 + 263*z - 318. Give v(131).
-187
Let g(t) = 2*t**2 + 105*t - 2055. Give g(-71).
572
Let l(q) = 2*q**2 + 588*q - 12301. Calculate l(22).
1603
Let t(j) = 2*j**3 - 4*j**2 + 13030*j - 78135. Give t(6).
333
Let b(h) = 3*h**3 + 781*h**2 - 3826*h - 745. Determine b(5).
25
Let c(d) = -d**3 + 143*d**2 - 560*d + 59357. Give c(142).
1
Let r(s) = 154*s**2 - 3564*s - 9. What is r(23)?
-515
Let t(n) = -n**3 - 11*n**2 - 8468*n - 76041. Determine t(-9).
9
Let r(p) = -16*p**2 + 480*p + 2428. Determine r(-5).
-372
Let v(o) = -11609*o - 975060. Give v(-84).
96
Let u(c) = -1538*c - 169180. Calculate u(-110).
0
Let p(f) = -1669*f + 20247. What is p(12)?
219
Let a(r) = r**3 + 12*r**2 - 62*r + 81. Give a(2).
13
Let i(y) = 275*y + 9333. Calculate i(-34).
-17
Let o(n) = -2*n**3 - 140*n**2 - 163*n - 4370. Calculate o(-69).
-2645
Let s(g) = -2*g**2 - 27*g + 2187. Calculate s(27).
0
Let q(j) = -6082*j + 1465754. Calculate q(241).
-8
Let c(z) = -3*z**3 + 860*z**2 - 3950*z + 679. Give c(282).
115
Let r(a) = -6566*a + 5554. Give r(1).
-1012
Let h(f) = 4*f**3 + 3582*f**2 - 1818*f - 23321. What is h(-896)?
-25
Let o(x) = -x**3 - 125*x**2 - 1665*x - 229. Give o(-15).
-4
Let s(y) = -2*y**3 - 423*y**2 - 279*y - 13608. What is s(-211)?
740
Let b(x) = x**3 + 17*x**2 - 534*x - 9297. Determine b(-20).
183
Let d(i) = -2*i**2 + 83*i + 743. Give d(48).
119
Let h(f) = -f**2 - 6321*f - 176141. Give h(-28).
63
Let p(o) = o**2 - 416*o - 5153. Give p(-12).
-17
Let w(p) = 5752*p + 253111. Give w(-44).
23
Let m(p) = p**3 - 28*p**2 + 2*p - 93. What is m(29)?
806
Let w(x) = -21*x**2 + 6912*x - 6906. Determine w(1).
-15
Let z(p) = -88*p + 3314. Calculate z(42).
-382
Let a(d) = -d**3 - 10*d**2 + 21*d - 147. Give a(-13).
87
Let p(n) = 2754594*n + 2754592. What is p(-1)?
-2
Let p(f) = -113480*f - 1929442. What is p(-17)?
-282
Let i(p) = 3*p**2 + 89*p - 2506. What is i(-39)?
-1414
Let d(g) = -72*g**2 - 4133*g - 155. What is d(-57)?
1498
Let c(q) = 3918*q - 7138. Determine c(2).
698
Let n(x) = x**3 - x**2 - 5121*x - 638. Give n(-71).
1
Let w(x) = -3*x**3 + 16*x**2 - 19*x + 31. What is w(2)?
33
Let y(a) = -351*a - 21255. Give y(-60).
-195
Let y(k) = 21*k**2 + 13842*k - 27730. Give y(2).
38
Let c(f) = 2*f**3 + 74*f**2 + 531*f + 779. Calculate c(-28).
23
Let r(w) = 3*w**3 + 70*w**2 - 250*w. Determine r(3).
-39
Let s(v) = v**3 + 233*v**2 - 19731*v - 188. Give s(66).
10
Let w(z) = -z**2 + 66*z + 36673. Give w(-163).
-654
Let w(i) = i**3 + 9*i**2 - 35*i - 210. What is w(-15)?
-1035
Let l(u) = -6*u**2 + 135*u + 1312. Determine l(-10).
-638
Let p(x) = x**2 + 9257*x - 37036. Give p(4).
8
Let t(p) = -1981*p**2 + 8174*p + 1. What is t(4)?
1001
Let t(w) = -2*w**2 + 629*w - 25584. Give t(48).
0
Let r(l) = l**2 - 241*l - 981. Determine r(-4).
-1
Let l(y) = 6*y**3 - 58*y**2 - 103*y - 202. Give l(11).
-367
Let j(i) = -i**3 - 125*i**2 - 248*i - 180. Give j(-123).
66
Let i(m) = 358*m - 191767. Determine i(536).
121
Let i(v) = -v**2 + 1118*v + 163059. Calculate i(-131).
-560
Let u(x) = -11*x**2 - 2478*x - 9748. Determine u(-4).
-12
Let a(m) = 88*m**3 - 355*m**2 + 17*m - 18. What is a(4)?
2
Let u(f) = -f**3 + 40*f**2 - 118*f - 939. Give u(36).
-3
Let j(q) = -q**3 + 14*q**2 + 200*q + 9. What is j(-8)?
-183
Let w(h) = -4645*h - 125462. Give w(-27).
-47
Let h(z) = 18686*z - 2335760. Give h(125).
-10
Let b(o) = o**2 - 5671*o - 807763. What is b(-139)?
-173
Let g(r) = r**2 + 554352*r - 1663055. Give g(3).
10
Let z(l) = l**2 - 3296*l + 162323. What is z(50)?
23
Let b(i) = 5088*i - 60980. Determine b(12).
76
Let o(s) = 549*s**2 + 1553*s - 78. Calculate o(-3).
204
Let s(a) = -172*a**2 + 16*a + 9. Calculate s(0).
9
Let g(a) = -a**3 - 32*a**2 + 210*a - 22. Give g(-38).
662
Let h(w) = 43*w**3 - 53*w**2 + 226*w + 24. Give h(5).
5204
Let g(z) = -5*z**3 + 2422*z**2 - 909*z - 28562. Give g(484).
-6
Let t(y) = -24*y**2 + 269*y - 2032. Give t(8).
-1416
Let x(l) = -l**2 - 127*l - 3173. Calculate x(-34).
-11
Let l(p) = -788*p + 391. Calculate l(-1).
1179
Let q(s) = -2249453*s - 11247273. Determine q(-5).
-8
Let f(m) = -m**3 + 190*m**2 - 7617*m + 1536218. Determine f(192).
26
Let r(q) = 112087*q + 7061480. Determine r(-63).
-1
Let i(n) = 40*n**2 - 950*n + 2103. Calculate i(21).
-207
Let j(r) = -938*r + 81664. What is j(87)?
58
Let l(a) = -2*a**3 + 7*a**2 - 50824*a + 203293. What is l(4)?
-19
Let l(q) = -423361*q - 2116819. Give l(-5).
-14
Let y(g) = -g**3 - 93*g**2 - 6*g + 7940. Determine y(-92).
28
Let u(m) = -m**3 + 78*m**2 - 1067*m - 774. Calculate u(60).
6
Let l(v) = -v**2 - 105*v + 24129. Determine l(110).
479
Let i(m) = m**3 - 4*m**2 + 4266*m - 34168. Determine i(8).
216
Let h(c) = -12831*c + 76935. Determine h(6).
-51
Let j(k) = -236726*k - 1183627. Calculate j(-5).
3
Let c(n) = -14838*n - 3368199. Give c(-227).
27
Let x(y) = -2*y**3 + 176*y**2 - 3361*y + 431. Calculate x(60).
371
Let l(x) = 8*x**2 - 200*x + 142. Determine l(26).
350
Let x(w) = -36210*w - 217738. Calculate x(-6).
-478
Let j(p) = -2*p**3 + 2263*p**2 - 29071*p - 34. Calculate j(13).
96
Let f(u) = 5*u**2 + 8775*u - 52801. What is f(6)?
29
Let